emainder when 1105 is divided by 533.
39
What is the remainder when 65 is divided by 23?
19
Calculate the remainder when 526 is divided by 44.
42
Calculate the remainder when 90 is divided by 84.
6
Calculate the remainder when 241 is divided by 50.
41
Calculate the remainder when 51 is divided by 9.
6
Calculate the remainder when 1671 is divided by 833.
5
What is the remainder when 64 is divided by 22?
20
What is the remainder when 260 is divided by 106?
48
What is the remainder when 216 is divided by 29?
13
What is the remainder when 477 is divided by 96?
93
Calculate the remainder when 2666 is divided by 107.
98
What is the remainder when 768 is divided by 14?
12
What is the remainder when 101 is divided by 22?
13
Calculate the remainder when 407 is divided by 21.
8
What is the remainder when 204 is divided by 34?
0
Calculate the remainder when 792 is divided by 25.
17
What is the remainder when 1012 is divided by 337?
1
Calculate the remainder when 461 is divided by 58.
55
Calculate the remainder when 860 is divided by 16.
12
Calculate the remainder when 2192 is divided by 364.
8
What is the remainder when 2304 is divided by 575?
4
Calculate the remainder when 221 is divided by 107.
7
What is the remainder when 998 is divided by 68?
46
What is the remainder when 52 is divided by 27?
25
Calculate the remainder when 914 is divided by 449.
16
Calculate the remainder when 1420 is divided by 21.
13
Calculate the remainder when 1624 is divided by 210.
154
Calculate the remainder when 63 is divided by 29.
5
Calculate the remainder when 201 is divided by 69.
63
Calculate the remainder when 117 is divided by 64.
53
What is the remainder when 204 is divided by 13?
9
What is the remainder when 3696 is divided by 10?
6
What is the remainder when 8645 is divided by 262?
261
What is the remainder when 60 is divided by 9?
6
What is the remainder when 232 is divided by 128?
104
Calculate the remainder when 140 is divided by 16.
12
What is the remainder when 104 is divided by 67?
37
Calculate the remainder when 721 is divided by 38.
37
What is the remainder when 129 is divided by 36?
21
Calculate the remainder when 25580 is divided by 104.
100
Calculate the remainder when 2175 is divided by 24.
15
Calculate the remainder when 287 is divided by 92.
11
What is the remainder when 11246 is divided by 148?
146
What is the remainder when 31 is divided by 8?
7
What is the remainder when 843 is divided by 385?
73
What is the remainder when 104 is divided by 48?
8
What is the remainder when 53 is divided by 50?
3
What is the remainder when 845 is divided by 165?
20
What is the remainder when 59805 is divided by 21?
18
What is the remainder when 175 is divided by 14?
7
What is the remainder when 1723 is divided by 854?
15
What is the remainder when 138 is divided by 13?
8
Calculate the remainder when 429 is divided by 9.
6
What is the remainder when 50 is divided by 43?
7
Calculate the remainder when 1097 is divided by 48.
41
Calculate the remainder when 1583 is divided by 272.
223
Calculate the remainder when 185 is divided by 31.
30
What is the remainder when 356 is divided by 24?
20
What is the remainder when 1541 is divided by 513?
2
What is the remainder when 1625 is divided by 5?
0
Calculate the remainder when 1291 is divided by 144.
139
Calculate the remainder when 468 is divided by 176.
116
What is the remainder when 1648 is divided by 410?
8
What is the remainder when 169 is divided by 43?
40
What is the remainder when 31 is divided by 28?
3
What is the remainder when 697 is divided by 26?
21
Calculate the remainder when 4948 is divided by 7.
6
What is the remainder when 467 is divided by 40?
27
Calculate the remainder when 530 is divided by 1.
0
What is the remainder when 271 is divided by 20?
11
What is the remainder when 757 is divided by 671?
86
What is the remainder when 420 is divided by 333?
87
Calculate the remainder when 51 is divided by 21.
9
Calculate the remainder when 549 is divided by 19.
17
Calculate the remainder when 403 is divided by 196.
11
What is the remainder when 525 is divided by 11?
8
What is the remainder when 268 is divided by 30?
28
Calculate the remainder when 498 is divided by 125.
123
Calculate the remainder when 1205 is divided by 119.
15
What is the remainder when 207 is divided by 11?
9
Calculate the remainder when 174 is divided by 7.
6
What is the remainder when 321 is divided by 65?
61
Calculate the remainder when 10556 is divided by 27.
26
Calculate the remainder when 13799 is divided by 107.
103
Calculate the remainder when 269 is divided by 23.
16
What is the remainder when 211 is divided by 13?
3
What is the remainder when 626 is divided by 14?
10
What is the remainder when 225 is divided by 23?
18
What is the remainder when 2240 is divided by 26?
4
Calculate the remainder when 284 is divided by 252.
32
What is the remainder when 1871 is divided by 24?
23
What is the remainder when 1315 is divided by 60?
55
Calculate the remainder when 254 is divided by 34.
16
What is the remainder when 202 is divided by 53?
43
Calculate the remainder when 89 is divided by 19.
13
What is the remainder when 314 is divided by 16?
10
What is the remainder when 1296 is divided by 336?
288
What is the remainder when 190 is divided by 24?
22
Calculate the remainder when 13 is divided by 11.
2
What is the remainder when 909 is divided by 245?
174
Calculate the remainder when 364 is divided by 51.
7
What is the remainder when 542 is divided by 137?
131
Calculate the remainder when 940 is divided by 157.
155
Calculate the remainder when 7295 is divided by 178.
175
What is the remainder when 4606 is divided by 12?
10
What is the remainder when 155 is divided by 26?
25
Calculate the remainder when 225 is divided by 13.
4
Calculate the remainder when 1798 is divided by 125.
48
What is the remainder when 356 is divided by 333?
23
Calculate the remainder when 1802 is divided by 50.
2
What is the remainder when 153 is divided by 4?
1
What is the remainder when 495 is divided by 63?
54
What is the remainder when 1276 is divided by 1269?
7
What is the remainder when 312 is divided by 163?
149
Calculate the remainder when 371 is divided by 72.
11
What is the remainder when 9948 is divided by 25?
23
What is the remainder when 409 is divided by 78?
19
What is the remainder when 110 is divided by 44?
22
Calculate the remainder when 76 is divided by 10.
6
Calculate the remainder when 2012 is divided by 356.
232
Calculate the remainder when 791 is divided by 33.
32
What is the remainder when 1609 is divided by 95?
89
Calculate the remainder when 2774 is divided by 117.
83
What is the remainder when 18 is divided by 13?
5
Calculate the remainder when 2296 is divided by 136.
120
What is the remainder when 256 is divided by 255?
1
What is the remainder when 143 is divided by 3?
2
Calculate the remainder when 418 is divided by 111.
85
Calculate the remainder when 1019 is divided by 143.
18
What is the remainder when 685 is divided by 7?
6
What is the remainder when 1013 is divided by 28?
5
What is the remainder when 9078 is divided by 3023?
9
What is the remainder when 37757 is divided by 174?
173
Calculate the remainder when 824 is divided by 44.
32
Calculate the remainder when 3820 is divided by 153.
148
What is the remainder when 63 is divided by 15?
3
Calculate the remainder when 54 is divided by 3.
0
Calculate the remainder when 1136 is divided by 446.
244
What is the remainder when 79 is divided by 20?
19
Calculate the remainder when 515 is divided by 14.
11
Calculate the remainder when 4971 is divided by 48.
27
Calculate the remainder when 119 is divided by 16.
7
Calculate the remainder when 32 is divided by 15.
2
Calculate the remainder when 34 is divided by 7.
6
Calculate the remainder when 5469 is divided by 114.
111
Calculate the remainder when 185 is divided by 8.
1
What is the remainder when 864 is divided by 270?
54
Calculate the remainder when 413 is divided by 26.
23
Calculate the remainder when 206 is divided by 94.
18
Calculate the remainder when 784 is divided by 105.
49
What is the remainder when 3423 is divided by 344?
327
Calculate the remainder when 97 is divided by 39.
19
Calculate the remainder when 2159 is divided by 72.
71
Calcul